{"id":17,"date":"2026-02-09T12:32:43","date_gmt":"2026-02-09T12:32:43","guid":{"rendered":"https:\/\/tubazarek.pl\/chleb\/?post_type=product&#038;p=17"},"modified":"2026-03-13T13:17:29","modified_gmt":"2026-03-13T13:17:29","slug":"chleb-pszenzyt-i-plaskurnik-2-pak","status":"publish","type":"product","link":"https:\/\/tubazarek.pl\/chleb\/product\/chleb-pszenzyt-i-plaskurnik-2-pak\/","title":{"rendered":"Chleb Pszen\u017cyt i P\u0142askurnik \u2013 2 pak"},"content":{"rendered":"<p>Pszen\u017cyt &#8211; chleb z m\u0105ki pszenno-\u017cytniej na zakwasie.<\/p>\n<p>P\u0142askurnik &#8211; chleb z m\u0105ki z p\u0142askurki na \u017cytnim zakwasie.<\/p>\n<p>&nbsp;<\/p>\n<h2>Szczeg\u00f3\u0142y oferty<\/h2>\n<p>W paczce otrzymasz: <strong>2 chleby<\/strong>.<\/p>\n<p>Przewidywany dzie\u0144 dostawy: <strong>czwartek<\/strong>.<\/p>\n<p>Koszt dostawy: <strong>15 &#8211; 18 z\u0142 <\/strong>(koszt wysy\u0142ki zostanie wliczony w cen\u0119 chleba na paragonie fiskalnym).<\/p>\n<p>Rodzaj dostawy: <strong>paczkomat<\/strong>.<\/p>\n<p>&nbsp;<\/p>\n<h2>Chleb Pszen\u017cyt<\/h2>\n<p><strong>Sk\u0142ad:<\/strong><\/p>\n<ul>\n<li>m\u0105ka pszenna 750<\/li>\n<li>m\u0105ka \u017cytnia 720<\/li>\n<li>woda<\/li>\n<li>zakwas naturalny<\/li>\n<li>s\u00f3l<\/li>\n<\/ul>\n<p><strong>Masa netto:<\/strong> 930 g (+-3%)<\/p>\n<p><strong>Warto\u015bci od\u017cywcze w 100 g:<\/strong><\/p>\n<ul>\n<li>warto\u015b\u0107 energetyczna: 1126 kJ \/ 269 kcal<\/li>\n<li>t\u0142uszcz: 1,0 g<\/li>\n<li>w tym kwasy t\u0142uszczowe nasycone: 0,4 g<\/li>\n<li>w\u0119glowodany: 69,0 g<\/li>\n<li>w tym cukry: 0,7 g<\/li>\n<li>b\u0142onnik: 4,125 g<\/li>\n<li>bia\u0142ko: 7,6g<\/li>\n<li>s\u00f3l: 0,9 g<\/li>\n<\/ul>\n<p>&nbsp;<\/p>\n<h2>Chleb P\u0142askurnik<\/h2>\n<p><strong>Sk\u0142ad:<\/strong><\/p>\n<ul>\n<li>m\u0105ka p\u0142askurka<\/li>\n<li>woda<\/li>\n<li>zakwas naturalny \u017cytni<\/li>\n<li>s\u00f3l<\/li>\n<\/ul>\n<p><strong>Masa netto:<\/strong> 1000 g (+- 3%)<\/p>\n<p><strong>Warto\u015bci od\u017cywcze w 100 g:<\/strong><\/p>\n<ul>\n<li>warto\u015b\u0107 energetyczna: 284 kcal<\/li>\n<li>t\u0142uszcz: 2,5 g<\/li>\n<li>w\u0119glowodany: 54,0 g<\/li>\n<li>w tym cukry: 0,7 g<\/li>\n<li>b\u0142onnik: 8 g<\/li>\n<li>bia\u0142ko: 9g<\/li>\n<li>s\u00f3l: 0,9 g<\/li>\n<\/ul>\n<p>&nbsp;<\/p>\n","protected":false},"excerpt":{"rendered":"<p>Wysy\u0142ka w ka\u017cd\u0105 \u015brod\u0119<\/p>\n","protected":false},"featured_media":24,"comment_status":"open","ping_status":"closed","template":"","meta":{"_acf_changed":false},"product_brand":[],"product_cat":[45,44],"product_tag":[],"shop_name":[],"region":[],"class_list":{"0":"post-17","1":"product","2":"type-product","3":"status-publish","4":"has-post-thumbnail","6":"product_cat-chleb","7":"product_cat-zywnosc","9":"first","10":"instock","11":"featured","12":"taxable","13":"shipping-taxable","14":"purchasable","15":"product-type-simple"},"acf":[],"_links":{"self":[{"href":"https:\/\/tubazarek.pl\/chleb\/wp-json\/wp\/v2\/product\/17","targetHints":{"allow":["GET"]}}],"collection":[{"href":"https:\/\/tubazarek.pl\/chleb\/wp-json\/wp\/v2\/product"}],"about":[{"href":"https:\/\/tubazarek.pl\/chleb\/wp-json\/wp\/v2\/types\/product"}],"replies":[{"embeddable":true,"href":"https:\/\/tubazarek.pl\/chleb\/wp-json\/wp\/v2\/comments?post=17"}],"wp:featuredmedia":[{"embeddable":true,"href":"https:\/\/tubazarek.pl\/chleb\/wp-json\/wp\/v2\/media\/24"}],"wp:attachment":[{"href":"https:\/\/tubazarek.pl\/chleb\/wp-json\/wp\/v2\/media?parent=17"}],"wp:term":[{"taxonomy":"product_brand","embeddable":true,"href":"https:\/\/tubazarek.pl\/chleb\/wp-json\/wp\/v2\/product_brand?post=17"},{"taxonomy":"product_cat","embeddable":true,"href":"https:\/\/tubazarek.pl\/chleb\/wp-json\/wp\/v2\/product_cat?post=17"},{"taxonomy":"product_tag","embeddable":true,"href":"https:\/\/tubazarek.pl\/chleb\/wp-json\/wp\/v2\/product_tag?post=17"},{"taxonomy":"shop_name","embeddable":true,"href":"https:\/\/tubazarek.pl\/chleb\/wp-json\/wp\/v2\/shop_name?post=17"},{"taxonomy":"region","embeddable":true,"href":"https:\/\/tubazarek.pl\/chleb\/wp-json\/wp\/v2\/region?post=17"}],"curies":[{"name":"wp","href":"https:\/\/api.w.org\/{rel}","templated":true}]}}

Chleb Pszenżyt i Płaskurnik – 2 pak

<p>Pszenżyt &#8211; chleb z mąki pszenno-żytniej na zakwasie.</p>
<p>Płaskurnik &#8211; chleb z mąki z płaskurki na żytnim zakwasie.</p>
<p>&nbsp;</p>
<h2>Szczegóły oferty</h2>
<p>W paczce otrzymasz: <strong>2 chleby</strong>.</p>
<p>Przewidywany dzień dostawy: <strong>czwartek</strong>.</p>
<p>Koszt dostawy: <strong>15 &#8211; 18 zł </strong>(koszt wysyłki zostanie wliczony w cenę chleba na paragonie fiskalnym).</p>
<p>Rodzaj dostawy: <strong>paczkomat</strong>.</p>
<p>&nbsp;</p>
<h2>Chleb Pszenżyt</h2>
<p><strong>Skład:</strong></p>
<ul>
<li>mąka pszenna 750</li>
<li>mąka żytnia 720</li>
<li>woda</li>
<li>zakwas naturalny</li>
<li>sól</li>
</ul>
<p><strong>Masa netto:</strong> 930 g (+-3%)</p>
<p><strong>Wartości odżywcze w 100 g:</strong></p>
<ul>
<li>wartość energetyczna: 1126 kJ / 269 kcal</li>
<li>tłuszcz: 1,0 g</li>
<li>w tym kwasy tłuszczowe nasycone: 0,4 g</li>
<li>węglowodany: 69,0 g</li>
<li>w tym cukry: 0,7 g</li>
<li>błonnik: 4,125 g</li>
<li>białko: 7,6g</li>
<li>sól: 0,9 g</li>
</ul>
<p>&nbsp;</p>
<h2>Chleb Płaskurnik</h2>
<p><strong>Skład:</strong></p>
<ul>
<li>mąka płaskurka</li>
<li>woda</li>
<li>zakwas naturalny żytni</li>
<li>sól</li>
</ul>
<p><strong>Masa netto:</strong> 1000 g (+- 3%)</p>
<p><strong>Wartości odżywcze w 100 g:</strong></p>
<ul>
<li>wartość energetyczna: 284 kcal</li>
<li>tłuszcz: 2,5 g</li>
<li>węglowodany: 54,0 g</li>
<li>w tym cukry: 0,7 g</li>
<li>błonnik: 8 g</li>
<li>białko: 9g</li>
<li>sól: 0,9 g</li>
</ul>
<p>&nbsp;</p>

<p>Wysyłka w każdą środę</p>
